546)?
3, 13
Suppose 3*i = -i. Suppose -x + 8 = -i. What are the prime factors of (-287)/(-3)*x/28*6?
2, 41
Let v be (2 - 0)/(36/8 + -4). Suppose 888 = 3*t + v*u - 388, -5*t = 3*u - 2134. What are the prime factors of t?
2, 107
Let i(m) = -m**3 - 11*m**2 + 13*m + 26. Let j be i(-12). Let y = j - 9. Suppose -4*b - 7*s + 216 = -2*s, 3*s = y*b - 270. List the prime factors of b.
2, 3
Let x = 11319 - 9632. List the prime factors of x.
7, 241
Suppose -4*d = -20, s + 3*s + 3*d = 299. Let y = 75 - s. What are the prime factors of (y/6)/(9/(-27)) - -35?
3, 11
Let z(o) be the first derivative of -13*o - 6*o**2 + 6 + 3*o**2 + 4*o**2. What are the prime factors of z(12)?
11
Let l(s) = 432*s + 65. Let v = 662 + -660. What are the prime factors of l(v)?
929
What are the prime factors of 1168836/96 + 24/256*-4?
5, 487
Suppose -17526 = -2*q - 3862. List the prime factors of q.
2, 7, 61
Let w(q) = 2*q + 21. Let i be w(-9). Suppose i*b + 0*b + 12 = 0. What are the prime factors of (-4 + (-210)/12)/(2/b)?
43
Suppose 9*n - 25 = 4*n. Suppose 4*u - 2096 = 2*j, -289 = -u - n*j + 246. Let l = u - 357. What are the prime factors of l?
2, 3, 7
Let g(y) = -1 + y**2 + 58*y - 5 + 2*y + 2 - 3. What are the prime factors of g(18)?
11, 127
Suppose 0 = -5*o - 3*p + 229, -19*o + 117 = -16*o - 5*p. What are the prime factors of 35864/o - 5/55?
5, 163
Let b(f) = 17*f + 251. Let n(y) = -2*y - 4. Let a(h) = b(h) + 6*n(h). What are the prime factors of a(39)?
2, 211
Let w(f) = -f**2 - 6*f + 1. Let t be w(-5). Let h be 186/(-24) - t/(-8). Let x = 15 + h. What are the prime factors of x?
2
Suppose 0 = -5*n - 4*c + 203697, 0 = n + c - 28796 - 11944. List the prime factors of n.
3, 37, 367
Let g(l) = l - 2. Suppose 2*z - 11 = -3. Let u be g(z). Suppose -u*o - 18 = -60. What are the prime factors of o?
3, 7
Let n = -739 + 814. What are the prime factors of (-4 + 0/4)*n/(-6)?
2, 5
Let m(v) = 608*v + 65. List the prime factors of m(8).
3, 31, 53
Let v(j) = 5180*j**2 - 428*j + 1285. List the prime factors of v(3).
23, 2027
Let u(d) = -18*d - 34 - 23*d + 36*d. Let o be u(-6). List the prime factors of (-3)/(27/(-1281)) + o/12.
2, 71
Let k(r) = -17*r**3 - 4*r**2 + 7*r - 12. List the prime factors of k(-9).
2, 3, 1999
Let d be (-3 + -1)/(-2 + (-45)/(-20)). Let f = d + 517. List the prime factors of f.
3, 167
Suppose -2*b - 5*x - 14 = 0, 4*b - 4*x + 50 = -3*x. List the prime factors of 4120/(-12)*(3 - (-90)/b).
3, 5, 103
Let j = 692 - 103. Let r = -190 + j. List the prime factors of r.
3, 7, 19
Suppose 3*y = -3*h - 0*y + 41052, h = y + 13670. List the prime factors of h.
3, 47, 97
Let w be (-138)/(-42) - (-8)/(-28). Suppose 0 = -w*s, 0*i - 358 = -2*i + s. What are the prime factors of i/(((-4)/12)/((-1)/3))?
179
Suppose -6*g + 5 + 19 = 0. Suppose -5*t = 2*k - 104, g*t = 2*t + 3*k + 34. Let r = 79 - t. List the prime factors of r.
59
Let t be (2825/20)/5 + 1/(-4). List the prime factors of (2 - (-67)/(-4))/((-7)/t).
59
Let r = 4215 + 3750. List the prime factors of r.
3, 5, 59
Let u = 11169 - 11168. Let b(j) = -j**2 + 4*j - 1. Let l be b(3). List the prime factors of 10*l*(u/2 + 2).
2, 5
List the prime factors of (289 + -277)*(-41126)/(-12).
2, 20563
Suppose 0 = 21*i - 23078 - 4495. Suppose 10*m - 407 - i = 0. What are the prime factors of m?
2, 43
What are the prime factors of 3 - -12 - (20 + -1145)?
2, 3, 5, 19
Let m be 902/44*(28 - 0). Let n = -230 + m. List the prime factors of n.
2, 43
What are the prime factors of 9951 - (-51)/170*-10?
2, 3, 829
Let y = -11 + 3. Let k be -42 - y/(-4) - -2. Let v = k + 77. What are the prime factors of v?
5, 7
What are the prime factors of (114/20 - 3/15)*3274 + -8?
41, 439
Let m be 4650 + ((-30)/(-25))/(6/(-15)). Suppose -8*h - 143 + m = 0. What are the prime factors of h?
563
List the prime factors of (-1)/(-5) - 341334/(-430).
2, 397
Let o(k) = -370*k**3 - 34*k**2 - 154*k - 24. List the prime factors of o(-4).
2, 1483
Suppose 47055 = 2068*y - 2053*y. List the prime factors of y.
3137
Let b(l) = -4*l + 132. Let w be b(0). Let g = -90 + 56. Let k = g + w. What are the prime factors of k?
2, 7
Suppose -f + 18 = 16, 3*f = -3*r - 6. Let t = r + 383. List the prime factors of t.
379
Let h(d) = -11 - 2*d - 2*d + d**2 + 5*d + 13*d. Let p be h(-15). Suppose -4*n = 5*s - 379, -n + p*s + 484 = 4*n. What are the prime factors of n?
2, 3
Let k = -8037 - -8539. What are the prime factors of k?
2, 251
Let t = 1383 - 547. Let c = 1722 - t. What are the prime factors of c?
2, 443
Let q(r) = -13*r + 9 + 0 + 2*r**2 - 3*r**2. Suppose 0 = 40*v + 801 - 401. List the prime factors of q(v).
3, 13
Let f be (29968/(-56))/(2/(-14)*2). Let t = f + -1129. What are the prime factors of t?
2, 3, 31
Suppose 0 = -5*z - 1492 - 198. Let s = 896 + z. What are the prime factors of s?
2, 3, 31
Let w be (-194)/16*38 - 46/184. List the prime factors of w/(-2) + 6/4.
2, 29
Let q(d) = -174 - 124 + 352 - 73*d. What are the prime factors of q(-20)?
2, 757
Let j(p) = -p**3 + 42*p - 14. Let x be j(6). Suppose -2661 = -x*q + 29525. List the prime factors of q.
7, 11, 19
Suppose 4530 = 10*s - 2230. Suppose -3*c - 2*o - 38 = -545, s = 4*c - 3*o. List the prime factors of c.
13
Let o = -68 + 74. Let i be ((-7)/(-2))/(o/(-12)). Let m(y) = 4*y**2 + 21*y - 12. What are the prime factors of m(i)?
37
Let z(x) = 4*x**2 - 8*x - 17. Let m(a) = 5*a**2 - 8*a - 19. Let i(c) = 5*m(c) - 6*z(c). List the prime factors of i(18).
5, 19
Let j = 20058 + -11005. List the prime factors of j.
11, 823
Let f(r) = 617*r**2 - 2*r - 1. Let t be f(-1). Suppose -k = 5*v - 772, 4*v - 2*k = -3*k + t. What are the prime factors of v?
2, 7, 11
Suppose 2*w - 12*w + 59850 = -0*w. What are the prime factors of w?
3, 5, 7, 19
Let d(k) = -2*k + 3*k + 2*k + 2 + 0*k. Let i(o) = -6*o - 3. Let r(c) = -5*d(c) - 2*i(c). What are the prime factors of r(-4)?
2
Let n(f) = f**3 - f**2 - 8. Let d be (4 + 20/5)*(-1)/(-2). List the prime factors of n(d).
2, 5
Suppose 0 = 37*u - 9075 - 360. Suppose -276*w + 9870 = -u*w. List the prime factors of w.
2, 5, 47
Suppose -102458 = -65*k + 263752. List the prime factors of k.
2, 3, 313
Let d(h) = -835 - 49*h + 835. Let s be d(2). Let i = s - -131. What are the prime factors of i?
3, 11
Let f = 82 - 87. Let g(t) = t**2 - 17. Let d be g(f). Suppose -d*x + 130 = -6*x. List the prime factors of x.
5, 13
Let f be 2/4*(3 - 1). Let j be 63/30 - (-3 + (-124)/(-40)). Suppose -f + 7 = j*k. List the prime factors of k.
3
Let j(s) = s**2 - 5*s + 9. Let z be j(11). Let r be 285/(-4 + z/20). What are the prime factors of 1/(-2) - r/24?
47
Suppose 0 = -3*h + 44 + 328. Suppose 0 = 2*d + 2, 0 = 8*q - 6*q + 5*d - 119. Let p = h - q. What are the prime factors of p?
2, 31
Let k be (-45)/(-18) - (-10)/(-4). Suppose k = -4*f + 2*m + 2238, 0 = -3*f - 6*m + m + 1698. List the prime factors of f.
3, 11, 17
Let k be (-1 - -4) + -1 + 3. Let x be (8/3)/(11884/(-2376) + k). What are the prime factors of (-21)/49 - x/21?
3, 5
Let m be (-2989)/21 + (-7)/(-21). Let p = 291 + m. What are the prime factors of p?
149
Let j be 140/28 + (-4)/(4/(-25867)). Suppose -15*h = -36*h + j. List the prime factors of h.
2, 7, 11
Let b be 1*(3021/3 - -6). Let n = -429 + b. What are the prime factors of n?
2, 73
Let k(y) = -y**3 - 3*y**2 - 6*y + 5. Let h = 7 + -14. What are the prime factors of k(h)?
3
Suppose -223*a + 1203555 + 668181 = -56*a. What are the prime factors of a?
2, 3, 467
Let j(y) = 23*y - 22. Let f(r) = -10*r - 45. Let u be f(-6). List the prime factors of j(u).
17, 19
What are the prime factors of (-11)/((-1089)/2484027) - 5*8/220?
11, 2281
Suppose 24031 = -414*o + 421*o. Suppose -2*a + 681 = -2*s - 1617, 4*s = -3*a + o. What are the prime factors of a?
31, 37
Let k(y) = 2*y**2 - 182*y - 60. What are the prime factors of k(104)?
2, 661
Suppose -285*d + 286*d - 78 = 0. Suppose 0 = -4*z + d + 50. What are the prime factors of z?
2
Suppose -5*j = 4*t - 14 - 832, 348 = 2*j + 4*t. Let k = 112 - j. Let a = k + 100. List the prime factors of a.
2, 23
Let g(r) = -46*r - 16. Let l = -123 + 132. Let i(t) = 23*t + 8. Let n(k) = l*i(k) + 4*g(k). List the prime factors of n(6).
2, 73
Suppose -9 = -2*a - 75. Let i = 38 + a. Suppose i*x + 214 = 664. List the prime factors of x.
2, 3, 5
Suppose 70 = 22*x - 27*x. What are the prime factors of (-1058)/